{"id":58,"date":"2012-03-01T11:13:24","date_gmt":"2012-03-01T09:13:24","guid":{"rendered":"http:\/\/localhost\/topi\/?page_id=58"},"modified":"2025-12-19T08:58:14","modified_gmt":"2025-12-19T06:58:14","slug":"etusivu","status":"publish","type":"page","link":"http:\/\/topinmaatilamyymala.fi\/","title":{"rendered":"TOPIN MAATILAMYYM\u00c4L\u00c4 26 VUOTTA LUOMUKAUPPAA!"},"content":{"rendered":"<p><strong>TOPIN MAATILAMYYM\u00c4L\u00c4 ON T\u00c4YDEN VALIKOIMAN LUOMU- JA L\u00c4HIRUOKAMYYM\u00c4L\u00c4, JONNE KANNATTAA TULLA KAUEMPAAKIN!<\/strong><\/p>\n<p>Luomu- ja ekotuotteiden myyntiin erikoistunut Topin Maatilamyym\u00e4l\u00e4 palvelee Muuruvedell\u00e4, Tahkon vesireitin varrella. Yritys toimii yli 100-vuotiaassa entis\u00f6idyss\u00e4 kivinavetassa. Topin kauppa on maan parhaita luomumyym\u00e4l\u00f6it\u00e4. Myym\u00e4l\u00e4 on saanut erityiskunniamaininnan Suomen vuoden 2000 luomukauppakilpailussa ja yritys palkittiin valtakunnallisella VUODEN LUOMUYRITYS palkinnolla vuonna 2012. Topin Maatilamyym\u00e4l\u00e4 t\u00e4ytt\u00e4\u00e4 4.6.2024 25 vuotta! Nelj\u00e4nnesvuosisata luomukauppaa Pohjois-Savossa Muuruveden kyl\u00e4ss\u00e4!<\/p>\n<p>LUOMU- JA L\u00c4HIRUOKAKAUPPA <strong>TOPIN HALLI<\/strong> palvelee\u00a0<strong>KUOPION KAUPPAHALLISSA. <\/strong>TERVETULOA!<\/p>\n<p>Molemmissa luomukaupoissamme on tarjolla yli 2000 luomu- ja l\u00e4hiruokatuotetta sek\u00e4 muita erikoisen hyvi\u00e4 tuotteita l\u00e4helt\u00e4 ja kaukaa, ja uusia haemme jatkuvasti lis\u00e4\u00e4. Monipuolisesta valikoimastamme l\u00f6yd\u00e4t sek\u00e4 arkeen ett\u00e4 juhlahetkiin laadukkaita, maukkaita ja turvallisia tuotteita, joita ei helposti yhden katon alta muualta Suomesta l\u00f6yd\u00e4. Muutamia erikoisuuksia mainitaksemme suosittelemme luomu speltti\u00e4, luomu colaa ja luomu suklaata, sek\u00e4 reilun kaupan luomu kahvia, rikitt\u00f6mi\u00e4 luomu luumuja ja vaikkapa lis\u00e4aineettomia luomu jauhoja ja aitoa savolaista luomu talkkunaa!<\/p>\n<p>Lis\u00e4ksi meilt\u00e4 l\u00f6ytyy Ruskovillan tuotteita, eko-pesuaineita ja kasvipohjaista kosmetiikkaa aina erilaisiin lahja- ja k\u00e4ytt\u00f6tavaroihin sek\u00e4 pensasmustikan taimiin asti. Eik\u00e4 sovi unohtaa luomuesitelmi\u00e4 Topin Maatilamyym\u00e4l\u00e4ss\u00e4 kera luomukahvien, joista lukuisat ryhm\u00e4t eri puolilta Suomea ovat nauttineet. Tarjoamme joka viikko hyvi\u00e4 tarjouksia ja uutuuksia tulee pitkin vuotta. &#8221;L\u00f6yt\u00f6retki&#8221; Topin kauppaan kauempaakin Suomesta ja muualta mualimasta siis kannattaa!<\/p>\n<p>Tervetuloa viihtym\u00e4\u00e4n ja herkuttelemaan, ja ennen kaikkea hyville ostoksille Muuruvedelle ja Kuopioon!<\/p>\n<p>Topin Maatilamyym\u00e4l\u00e4n ja Topin Hallin Oiva-raportit l\u00f6yd\u00e4t <a href=\"https:\/\/www.oivahymy.fi\/yrityshaku?hakusana=Topin%20Halli\">t\u00e4\u00e4lt\u00e4.<\/a><\/p>\n","protected":false},"excerpt":{"rendered":"<p>TOPIN MAATILAMYYM\u00c4L\u00c4 ON T\u00c4YDEN VALIKOIMAN LUOMU- JA L\u00c4HIRUOKAMYYM\u00c4L\u00c4, JONNE KANNATTAA TULLA KAUEMPAAKIN! Luomu- ja ekotuotteiden myyntiin erikoistunut Topin Maatilamyym\u00e4l\u00e4 palvelee Muuruvedell\u00e4, Tahkon vesireitin varrella. Yritys toimii yli 100-vuotiaassa entis\u00f6idyss\u00e4 kivinavetassa. Topin kauppa on maan parhaita luomumyym\u00e4l\u00f6it\u00e4. Myym\u00e4l\u00e4 on saanut erityiskunniamaininnan &hellip; <a href=\"http:\/\/topinmaatilamyymala.fi\/\">Lue loppuun <span class=\"meta-nav\">&rarr;<\/span><\/a><\/p>\n","protected":false},"author":2,"featured_media":0,"parent":0,"menu_order":0,"comment_status":"open","ping_status":"closed","template":"sidebar-page.php","meta":{"footnotes":""},"class_list":["post-58","page","type-page","status-publish","hentry"],"_links":{"self":[{"href":"http:\/\/topinmaatilamyymala.fi\/index.php?rest_route=\/wp\/v2\/pages\/58","targetHints":{"allow":["GET"]}}],"collection":[{"href":"http:\/\/topinmaatilamyymala.fi\/index.php?rest_route=\/wp\/v2\/pages"}],"about":[{"href":"http:\/\/topinmaatilamyymala.fi\/index.php?rest_route=\/wp\/v2\/types\/page"}],"author":[{"embeddable":true,"href":"http:\/\/topinmaatilamyymala.fi\/index.php?rest_route=\/wp\/v2\/users\/2"}],"replies":[{"embeddable":true,"href":"http:\/\/topinmaatilamyymala.fi\/index.php?rest_route=%2Fwp%2Fv2%2Fcomments&post=58"}],"version-history":[{"count":82,"href":"http:\/\/topinmaatilamyymala.fi\/index.php?rest_route=\/wp\/v2\/pages\/58\/revisions"}],"predecessor-version":[{"id":1279,"href":"http:\/\/topinmaatilamyymala.fi\/index.php?rest_route=\/wp\/v2\/pages\/58\/revisions\/1279"}],"wp:attachment":[{"href":"http:\/\/topinmaatilamyymala.fi\/index.php?rest_route=%2Fwp%2Fv2%2Fmedia&parent=58"}],"curies":[{"name":"wp","href":"https:\/\/api.w.org\/{rel}","templated":true}]}}